 + j. List the prime factors of s.
179
What are the prime factors of (-17517960)/(-225) + 120/(-75)?
2, 3, 811
Let r = 2322 - 1617. Let j = r - -213. What are the prime factors of j?
2, 3, 17
Let k(a) = a**3 - 42*a**2 - 29*a - 272. List the prime factors of k(58).
2, 3, 5, 7, 13, 19
Let u(v) be the third derivative of 43*v**5/30 + 13*v**4/12 - 17*v**3/2 + 2*v**2 - 99*v. What are the prime factors of u(2)?
3, 5, 23
Suppose 37*q + 1961 - 9472 = 0. List the prime factors of (1798/q)/((-1)/(-14)).
2, 31
Let m(i) = i + 119. Suppose 5*l = 3*l + 7*l. What are the prime factors of m(l)?
7, 17
Let b be (10/(-5))/(4/106). Let r = b + 56. Suppose 6 = 6*u - r*u. List the prime factors of u.
2
List the prime factors of 11/((-275)/(-66475)) - 9*1.
2, 5, 53
Suppose 0 = -6928*j + 6889*j + 19422. Suppose 2*y + 5*a = 7*y - 20, 19 = 3*y + 4*a. List the prime factors of (j/y)/(((-12)/10)/(-3)).
3, 83
Suppose -5*m = n - 9660, -n + 7663 = 3*m - 1987. What are the prime factors of n?
5, 41, 47
Let j be (-60 - -2)*1/(-1). Let r = -803 + 914. Let p = r + j. What are the prime factors of p?
13
Suppose -54120 = -36*r + 174588. Suppose -1277 + r = 9*w. List the prime factors of w.
2, 3, 47
Let l = 36557 - 25672. What are the prime factors of l?
5, 7, 311
Let f = 980 - -2928. What are the prime factors of f?
2, 977
Suppose -4*c + 49*m + 24170 = 54*m, -c - 2*m = -6044. What are the prime factors of c?
2, 5, 151
Let w = 42351 + -23213. List the prime factors of w.
2, 7, 1367
Let k(u) = u**3 - 3*u**2 + 6*u - 15. Let g be k(5). Suppose -3*f + 24 - 12 = 0. Suppose f*s + q - 243 = 0, 0*s + 4*q + g = s. What are the prime factors of s?
61
Let v be (-7)/(7/(-12))*(-2)/(-6). Suppose -v*g = -12 - 16. Let i(z) = 14*z - 9. What are the prime factors of i(g)?
89
Suppose -198*g + 529835 = -2782507. What are the prime factors of g?
16729
Let f(a) = -45*a - 56. Let h be f(-13). Let c = h + -165. List the prime factors of c.
2, 7, 13
Let a(c) = 3*c**3 - 10*c**2 - 2*c + 8. Let l be a(4). Suppose -29*j = -l*j + 777. List the prime factors of j.
7, 37
Let k = -58384 - -109961. What are the prime factors of k?
51577
Let o(q) = -10*q - 58. Let d be o(-7). Suppose 0 = -d*w + 6528 + 4128. What are the prime factors of w?
2, 3, 37
Suppose -3*h - 4*f + 24 = 0, h - 5*f = -3*h + 1. Suppose -5*k + 4*z + 1836 = -0*z, -h*k = z - 1473. List the prime factors of k.
2, 23
Suppose -42 + 16 = 13*q. List the prime factors of ((-1876)/(-8))/7 - 3/q.
5, 7
Let v(b) be the second derivative of -b**5/20 + 11*b**4/12 + 2*b**3 + 10*b**2 - 101*b. List the prime factors of v(-7).
2, 409
Let z(y) = -y**3 - 5*y**2 - 5*y - 21. Let v be z(-5). Let j = 15 - 15. Suppose v*b + 2 - 58 = j. What are the prime factors of b?
2, 7
Suppose 0 = j + 3*w - 6 - 6, -4 = 3*j - w. Let n(t) = j*t - 6*t - 1022 + 1060. What are the prime factors of n(-7)?
2, 5
Suppose 53*w - 55*w = -288. Let g be ((-45)/12)/((-27)/w). Let d = 63 - g. What are the prime factors of d?
43
Suppose 0 = z + 5*d - 16, 4*z + 0*d = -d + 7. Suppose 0 = -3*s + 5 + z. Suppose q + s*q = 2*m + 112, 0 = -5*q - m + 165. List the prime factors of q.
2, 17
Let v(x) = x + 22. Let l = -58 - -40. Let c be v(l). Suppose -2*d = 3*w - 201, -c*d + 0*w - 5*w + 405 = 0. What are the prime factors of d?
3, 5, 7
Let d(w) = -204 - 2*w + 206 + 3*w + 15*w**2. Let m be d(-2). What are the prime factors of 1/3*19/(38/m)?
2, 5
Let w(n) = -5*n + 299. Let a be w(7). Let x = 252 + a. What are the prime factors of x?
2, 3, 43
Suppose -285 = -5*l + 3*p, 57 = 2*l - l - 4*p. Let j = l - -443. What are the prime factors of j?
2, 5
Let l(m) = m**2 - 1. Let i(o) = o**3 - 12*o**2 - 17*o + 23. Let z(r) = -r**3 + 2*r - 3. Let q be z(0). Let y(f) = q*l(f) - i(f). List the prime factors of y(9).
7, 19
Let l = 6475 - 6419. List the prime factors of l.
2, 7
Let i = 936 + -562. Let n = i - 20. Suppose -128*j = -131*j + n. List the prime factors of j.
2, 59
Let f(x) = x**2 - 31*x + 133. Let p be f(26). Suppose -j = g - 1595 + 226, 5*j + 4123 = p*g. What are the prime factors of g?
3, 457
Let c(x) = 4*x**2 - 14*x + 17. Let l be c(9). Let a = -105 + l. Suppose 2*d = a + 158. What are the prime factors of d?
2, 67
Let w = -440 - -360. Let n = w - -114. List the prime factors of n.
2, 17
Suppose 2*t + 532 + 3488 = 0. Let j = -1049 - t. What are the prime factors of j?
31
Let s(a) = -a**2 - 20*a - 12. Let g be (-28)/(-3)*18/4. Let h = g + -59. List the prime factors of s(h).
3, 13
Let n be 6/(-8) - (3605/(-20))/7. Let m(w) = w**3 + 4*w**2 + 6. Let h be m(-5). Let d = h + n. What are the prime factors of d?
2, 3
What are the prime factors of (-14)/63 - ((-342238)/18 - 7)?
2, 3, 5, 317
List the prime factors of (-1372199)/95*(-7 - -3 - 1).
72221
Suppose -i - 3*q + 4 = 0, 2*q - 4 + 8 = i. Let x(s) = 39*s - 113. List the prime factors of x(i).
43
Suppose -492 = -5*a + 3*x, -10*a + 2*x + 1008 - 40 = 0. List the prime factors of a.
2, 3
Suppose -5*q - 7 = -12. Let g be -2 + ((-4)/(-6) - q/(-3)). List the prime factors of 15/(-10)*g*36.
2, 3
Suppose 12550 = 14*j - 197534. What are the prime factors of j?
2, 3, 41, 61
Let q = 32672 + -16331. List the prime factors of q.
3, 13, 419
Let m(d) = d**3 - 26*d**2 + 43*d - 165. List the prime factors of m(31).
3, 11, 181
Suppose 4*p - 3*d = 19646, 321 = 4*d + 345. What are the prime factors of p?
7, 701
Let h be (2 + 8/(-3))*(-1848 - 3). Let b = h - 253. List the prime factors of b.
3, 109
List the prime factors of ((-1348)/(-3))/(-12 - 146/(-12)).
2, 337
Suppose -2*y = 25 + 81. Let g = y - -53. What are the prime factors of (11 - -110) + (-1 - (0 - g))?
2, 3, 5
Suppose -5*h - 3*w + 170108 = 0, w + 9624 = -3*h + 111684. What are the prime factors of h?
2, 73, 233
Let i = 135193 - 89788. What are the prime factors of i?
3, 5, 1009
Let z(i) be the first derivative of 115*i**2/2 + 126*i + 81. List the prime factors of z(6).
2, 3, 17
Suppose 0 = -3*f + 2*b + 24, -b = -0*b + 3. Let u(l) = -7*l**3 - f*l**2 + 8*l**3 + 8*l - 3 - 2*l**3. What are the prime factors of u(-9)?
2, 3, 7
Let b(l) = -2*l**3 + 9*l**2 - 30*l - 400. What are the prime factors of b(-13)?
5, 1181
Suppose 128*p = 131*p - 120. Suppose -p*t = -17962 - 3838. List the prime factors of t.
5, 109
Let p(h) = -h - 1. Let k(g) = -17*g - 275. Let w(t) = -k(t) - 3*p(t). List the prime factors of w(41).
2, 3, 61
Let y = -346 + 591. Suppose -907 = -h + y. List the prime factors of h.
2, 3
Suppose -33 - 696 = -9*j. Let l(n) = 16*n - 7. Let i be l(8). Suppose -i = -2*s + j. What are the prime factors of s?
101
Let o(w) = -w**2 - 15*w + 10. Let i be o(-15). Suppose 2*m = 4*f + 2, 5*m = 5*f - i*f + 5. Let s = f - -15. List the prime factors of s.
3, 5
Let a = 56 - -564. Suppose -5*i = t - 0*i - 200, -3*t + a = -5*i. Suppose 6*f - t = -13. List the prime factors of f.
2
Let a(j) = -11*j**2 - j. Let o be a(-1). Let v(n) = n**3 + 31*n**2 + 108*n - 1. Let c be v(-27). List the prime factors of (o/3)/(c - (-119)/126).
2, 3, 5
Let o(y) = y**3 - 2*y**2 - 10*y - 3. Let w be o(-2). Let j be (-4 - -3)*(w + -1). Suppose j = q + 15*q - 1680. What are the prime factors of q?
3, 5, 7
Let a = 38 + -34. Suppose 0 = -5*f - l + 50, a*l - l - 18 = -3*f. List the prime factors of (-3)/(f/(-5) - -2).
3, 5
Let m(j) be the third derivative of -j**7/1260 + j**6/720 - j**5/20 + 16*j**2. Let b(a) be the third derivative of m(a). List the prime factors of b(-4).
17
Suppose 2*g - 10 = 0, 5*z - g = 10*z - 15. List the prime factors of ((-6)/(-4) - 1)/(z/1016).
2, 127
Suppose w + 69 = 24*w. Suppose 9*m + w*m - 6468 = 0. What are the prime factors of m?
7, 11
Let w(v) = -v**3 + 19*v**2 - 18*v - 8. Let z be w(13). Suppose 0 = 2*q - z - 220. Let k = q - 321. List the prime factors of k.
5, 7
Suppose 2*h + 9974 = f, -4*f - 36*h = -35*h - 39887. List the prime factors of f.
2, 3, 277
Let j be (89250/9)/14 - (-2)/(-6). Let r = -397 + j. What are the prime factors of r?
311
Let h = -76 - -50. Let q(j) = -19*j - 109. What are the prime factors of q(h)?
5, 7, 11
Suppose 577*m - 40333 = 576*m + 2*j, -7 = j. What are the prime factors of m?
23, 1753
Let t(r) be the second derivative of -r**4/6 - 38*r**3/3 + 19*r**2/2 + 4*r - 1. What are the prime factors of t(-36)?
163
What are the prime factors of (16/(-28))/2 - 135248/(-28)?
2, 3, 5, 7, 23
Let q be 161916/(-48) - (-6)